{"id":1362,"date":"2021-03-22T20:07:22","date_gmt":"2021-03-22T17:07:22","guid":{"rendered":"https:\/\/faruksuleymanberber.com.tr\/?page_id=1362"},"modified":"2024-01-26T22:41:19","modified_gmt":"2024-01-26T19:41:19","slug":"egitim-bilgileri","status":"publish","type":"page","link":"https:\/\/faruksuleymanberber.com.tr\/?page_id=1362","title":{"rendered":"E\u011fitim Bilgileri"},"content":{"rendered":"\t\t<div data-elementor-type=\"wp-page\" data-elementor-id=\"1362\" class=\"elementor elementor-1362\" data-elementor-settings=\"[]\">\n\t\t\t\t\t\t\t<div class=\"elementor-section-wrap\">\n\t\t\t\t\t\t\t<section class=\"elementor-section elementor-top-section elementor-element elementor-element-7700798 elementor-section-boxed elementor-section-height-default elementor-section-height-default\" data-id=\"7700798\" data-element_type=\"section\">\n\t\t\t\t\t\t<div class=\"elementor-container elementor-column-gap-default\">\n\t\t\t\t\t<div class=\"elementor-column elementor-col-100 elementor-top-column elementor-element elementor-element-68a59f7\" data-id=\"68a59f7\" data-element_type=\"column\">\n\t\t\t<div class=\"elementor-widget-wrap elementor-element-populated\">\n\t\t\t\t\t\t\t\t<div class=\"elementor-element elementor-element-a4d5bf7 elementor-widget elementor-widget-heading\" data-id=\"a4d5bf7\" data-element_type=\"widget\" data-widget_type=\"heading.default\">\n\t\t\t\t<div class=\"elementor-widget-container\">\n\t\t\t<h2 class=\"elementor-heading-title elementor-size-default\">E\u011fitim <\/h2>\t\t<\/div>\n\t\t\t\t<\/div>\n\t\t\t\t\t<\/div>\n\t\t<\/div>\n\t\t\t\t\t\t\t<\/div>\n\t\t<\/section>\n\t\t\t\t<section class=\"elementor-section elementor-top-section elementor-element elementor-element-37c4bf0 elementor-section-boxed elementor-section-height-default elementor-section-height-default\" data-id=\"37c4bf0\" data-element_type=\"section\">\n\t\t\t\t\t\t<div class=\"elementor-container elementor-column-gap-default\">\n\t\t\t\t\t<div class=\"elementor-column elementor-col-100 elementor-top-column elementor-element elementor-element-33a2c14\" data-id=\"33a2c14\" data-element_type=\"column\">\n\t\t\t<div class=\"elementor-widget-wrap elementor-element-populated\">\n\t\t\t\t\t\t\t\t<div class=\"elementor-element elementor-element-d4a077a elementor-widget elementor-widget-text-editor\" data-id=\"d4a077a\" data-element_type=\"widget\" data-widget_type=\"text-editor.default\">\n\t\t\t\t<div class=\"elementor-widget-container\">\n\t\t\t\t\t<div class=\"elementor-text-editor elementor-clearfix\"><ul class=\"with-shaded-label\"><li><h3 class=\"title\"><span class=\"shaded-label\">2018\u00a0<\/span>Doktora<\/h3><div class=\"description\"><p>S\u00fcleyman Demirel \u00dcniversitesi, Fen Bilimleri Enstit\u00fcs\u00fc, Bilgisayar M\u00fchendisli\u011fi \/ Bilgisayar Yaz\u0131l\u0131m\u0131, T\u00fcrkiye<\/p><\/div><\/li><li><h3 class=\"title\"><span class=\"shaded-label\">2008\u00a0<\/span>Y\u00fcksek Lisans<\/h3><div class=\"description\"><p>S\u00fcleyman Demirel \u00dcniversitesi, Fen Bilimleri Enstit\u00fcs\u00fc, Elektronik Ve Bilgisayar E\u011fitimi, T\u00fcrkiye<\/p><\/div><\/li><li><h3 class=\"title\"><span class=\"shaded-label\">2004\u00a0<\/span>Lisans<\/h3><div class=\"description\"><p>S\u00fcleyman Demirel \u00dcniversitesi, Teknik E\u011fitim Fak\u00fcltesi, Elektronik Ve Bilgisayar E\u011fitimi B\u00f6l\u00fcm\u00fc\/Bilgisayar Sistemleri \u00d6\u011fretmenli\u011fi, T\u00fcrkiye<\/p><\/div><\/li><\/ul><\/div>\n\t\t\t\t<\/div>\n\t\t\t\t<\/div>\n\t\t\t\t\t<\/div>\n\t\t<\/div>\n\t\t\t\t\t\t\t<\/div>\n\t\t<\/section>\n\t\t\t\t<section class=\"elementor-section elementor-top-section elementor-element elementor-element-5b8f9a3 elementor-section-boxed elementor-section-height-default elementor-section-height-default\" data-id=\"5b8f9a3\" data-element_type=\"section\">\n\t\t\t\t\t\t<div class=\"elementor-container elementor-column-gap-default\">\n\t\t\t\t\t<div class=\"elementor-column elementor-col-100 elementor-top-column elementor-element elementor-element-21723fe\" data-id=\"21723fe\" data-element_type=\"column\">\n\t\t\t<div class=\"elementor-widget-wrap elementor-element-populated\">\n\t\t\t\t\t\t\t\t<div class=\"elementor-element elementor-element-5d24604 elementor-widget elementor-widget-heading\" data-id=\"5d24604\" data-element_type=\"widget\" data-widget_type=\"heading.default\">\n\t\t\t\t<div class=\"elementor-widget-container\">\n\t\t\t<h2 class=\"elementor-heading-title elementor-size-default\">Tezler<\/h2>\t\t<\/div>\n\t\t\t\t<\/div>\n\t\t\t\t\t<\/div>\n\t\t<\/div>\n\t\t\t\t\t\t\t<\/div>\n\t\t<\/section>\n\t\t\t\t<section class=\"elementor-section elementor-top-section elementor-element elementor-element-db41d94 elementor-section-boxed elementor-section-height-default elementor-section-height-default\" data-id=\"db41d94\" data-element_type=\"section\">\n\t\t\t\t\t\t<div class=\"elementor-container elementor-column-gap-default\">\n\t\t\t\t\t<div class=\"elementor-column elementor-col-100 elementor-top-column elementor-element elementor-element-17dabe6\" data-id=\"17dabe6\" data-element_type=\"column\">\n\t\t\t<div class=\"elementor-widget-wrap elementor-element-populated\">\n\t\t\t\t\t\t\t\t<div class=\"elementor-element elementor-element-de9b8c2 elementor-widget elementor-widget-text-editor\" data-id=\"de9b8c2\" data-element_type=\"widget\" data-widget_type=\"text-editor.default\">\n\t\t\t\t<div class=\"elementor-widget-container\">\n\t\t\t\t\t<div class=\"elementor-text-editor elementor-clearfix\"><ul>\n<li>\n<h3>2018&nbsp;Doktora<\/h3>\n<div>\n<p>MOB\u0130L ADL\u0130 B\u0130L\u0130\u015e\u0130M YAZILIMI GEL\u0130\u015eT\u0130R\u0130LEREK ELDE ED\u0130LEN VER\u0130LER \u0130LE KULLANICILAR ARASI \u0130L\u0130\u015eK\u0130LER\u0130N DERECELEND\u0130R\u0130LMES\u0130<\/p>\n<p>S\u00fcleyman Demirel \u00dcniversitesi, Fen Bilimleri Enstit\u00fcs\u00fc, Bilgisayar M\u00fchendisli\u011fi\/Bilgisayar Yaz\u0131l\u0131m\u0131<\/p>\n<\/div>\n<\/li>\n<li>\n<h3>2008&nbsp;Y\u00fcksek Lisans<\/h3>\n<div>\n<p>KEND\u0130NDEN TERMAL ELEKTR\u0130K KAYNAKLI M\u0130KRO\u0130\u015eLEMC\u0130 SO\u011eUTMA S\u0130STEM\u0130<\/p>\n<p>S\u00fcleyman Demirel \u00dcniversitesi, Fen Bilimleri Enstit\u00fcs\u00fc, Elektronik Ve Bilgisayar E\u011fitimi<\/p>\n<\/div>\n<\/li>\n<li>\n<h3>2003 Lisans<\/h3>\n<p style=\"font-family: Roboto, sans-serif; font-weight: 400;\">TEM\u0130ZL\u0130K ROBOTU PROTOT\u0130P\u0130 TASARIMI VE \u0130MALATI<\/p>\n<p style=\"font-family: Roboto, sans-serif; font-weight: 400;\">S\u00fcleyman Demirel \u00dcniversitesi, Teknik E\u011fitim Fak\u00fcltesi, Elektronik Ve Bilgisayar E\u011fitimi B\u00f6l\u00fcm\u00fc\/Bilgisayar Sistemleri \u00d6\u011fretmenli\u011fi, T\u00fcrkiye<\/p>\n<\/li>\n<\/ul><\/div>\n\t\t\t\t<\/div>\n\t\t\t\t<\/div>\n\t\t\t\t\t<\/div>\n\t\t<\/div>\n\t\t\t\t\t\t\t<\/div>\n\t\t<\/section>\n\t\t\t\t<section class=\"elementor-section elementor-top-section elementor-element elementor-element-8bcdf28 elementor-section-boxed elementor-section-height-default elementor-section-height-default\" data-id=\"8bcdf28\" data-element_type=\"section\">\n\t\t\t\t\t\t<div class=\"elementor-container elementor-column-gap-default\">\n\t\t\t\t\t<div class=\"elementor-column elementor-col-100 elementor-top-column elementor-element elementor-element-febd495\" data-id=\"febd495\" data-element_type=\"column\">\n\t\t\t<div class=\"elementor-widget-wrap elementor-element-populated\">\n\t\t\t\t\t\t\t\t<div class=\"elementor-element elementor-element-7fa5041 elementor-widget elementor-widget-heading\" data-id=\"7fa5041\" data-element_type=\"widget\" data-widget_type=\"heading.default\">\n\t\t\t\t<div class=\"elementor-widget-container\">\n\t\t\t<h2 class=\"elementor-heading-title elementor-size-default\">Sertifika, Kurs ve Seminerler <\/h2>\t\t<\/div>\n\t\t\t\t<\/div>\n\t\t\t\t\t<\/div>\n\t\t<\/div>\n\t\t\t\t\t\t\t<\/div>\n\t\t<\/section>\n\t\t\t\t<section class=\"elementor-section elementor-top-section elementor-element elementor-element-4afcf2e elementor-section-boxed elementor-section-height-default elementor-section-height-default\" data-id=\"4afcf2e\" data-element_type=\"section\">\n\t\t\t\t\t\t<div class=\"elementor-container elementor-column-gap-default\">\n\t\t\t\t\t<div class=\"elementor-column elementor-col-100 elementor-top-column elementor-element elementor-element-b9eaf75\" data-id=\"b9eaf75\" data-element_type=\"column\">\n\t\t\t<div class=\"elementor-widget-wrap elementor-element-populated\">\n\t\t\t\t\t\t\t\t<div class=\"elementor-element elementor-element-f474580 elementor-widget elementor-widget-text-editor\" data-id=\"f474580\" data-element_type=\"widget\" data-widget_type=\"text-editor.default\">\n\t\t\t\t<div class=\"elementor-widget-container\">\n\t\t\t\t\t<div class=\"elementor-text-editor elementor-clearfix\"><ul class=\"with-shaded-label\">\n<li>\n<h3 class=\"title\"><span class=\"shaded-label\">2015&nbsp;<\/span>Olay Yeri \u0130nceleme ve Adli Bili\u015fim Kursu<\/h3>\n<div class=\"description\">\n<p>Bili\u015fim , ANKARA<\/p>\n<\/div>\n<\/li>\n<li>\n<h3 class=\"title\"><span class=\"shaded-label\">2007&nbsp;<\/span>Mod\u00fcler Sistemi Yayg\u0131nla\u015ft\u0131rma Semineri<\/h3>\n<div class=\"description\">\n<p>E\u011fitim Y\u00f6netimi ve Planlama , MEB ISPARTA \u0130L M\u0130LL\u0130 E\u011e\u0130T\u0130M M\u00dcD\u00dcRL\u00dc\u011e\u00dc<\/p>\n<\/div>\n<\/li>\n<li>\n<h3 class=\"title\"><span class=\"shaded-label\">2002&nbsp;<\/span>3D Modelleme ve Tasar\u0131m Kursu<\/h3>\n<div class=\"description\">\n<p>Bili\u015fim , S\u00dcLEYMAN DEM\u0130REL \u00dcN\u0130VERS\u0130TES\u0130 \/ CAD\/CAM ARA\u015eTIRMA VE UYGULAMA MERKEZ\u0130&nbsp;<\/p>\n<\/div>\n<\/li>\n<\/ul><\/div>\n\t\t\t\t<\/div>\n\t\t\t\t<\/div>\n\t\t\t\t\t<\/div>\n\t\t<\/div>\n\t\t\t\t\t\t\t<\/div>\n\t\t<\/section>\n\t\t\t\t<section class=\"elementor-section elementor-top-section elementor-element elementor-element-2dd471c elementor-section-boxed elementor-section-height-default elementor-section-height-default\" data-id=\"2dd471c\" data-element_type=\"section\">\n\t\t\t\t\t\t<div class=\"elementor-container elementor-column-gap-default\">\n\t\t\t\t\t<div class=\"elementor-column elementor-col-100 elementor-top-column elementor-element elementor-element-3dfecd0\" data-id=\"3dfecd0\" data-element_type=\"column\">\n\t\t\t<div class=\"elementor-widget-wrap elementor-element-populated\">\n\t\t\t\t\t\t\t\t<div class=\"elementor-element elementor-element-fa0ab5d elementor-widget elementor-widget-button\" data-id=\"fa0ab5d\" data-element_type=\"widget\" data-widget_type=\"button.default\">\n\t\t\t\t<div class=\"elementor-widget-container\">\n\t\t\t\t\t<div class=\"elementor-button-wrapper\">\n\t\t\t<a href=\"http:\/\/[bt_cc%20id=113]\" target=\"_blank\" class=\"elementor-button-link elementor-button elementor-size-sm\" role=\"button\">\n\t\t\t\t\t\t<span class=\"elementor-button-content-wrapper\">\n\t\t\t\t\t\t<span class=\"elementor-button-text\">Teklif Al<\/span>\n\t\t<\/span>\n\t\t\t\t\t<\/a>\n\t\t<\/div>\n\t\t\t\t<\/div>\n\t\t\t\t<\/div>\n\t\t\t\t\t<\/div>\n\t\t<\/div>\n\t\t\t\t\t\t\t<\/div>\n\t\t<\/section>\n\t\t\t\t\t\t<\/div>\n\t\t\t\t\t<\/div>\n\t\t","protected":false},"excerpt":{"rendered":"<p>E\u011fitim 2018\u00a0Doktora S\u00fcleyman Demirel \u00dcniversitesi, Fen Bilimleri Enstit\u00fcs\u00fc, Bilgisayar M\u00fchendisli\u011fi \/ Bilgisayar Yaz\u0131l\u0131m\u0131, T\u00fcrkiye 2008\u00a0Y\u00fcksek Lisans S\u00fcleyman Demirel \u00dcniversitesi, Fen Bilimleri Enstit\u00fcs\u00fc, Elektronik Ve Bilgisayar&#8230;<\/p>\n<div class=\"more-link-wrapper\"><a class=\"more-link\" href=\"https:\/\/faruksuleymanberber.com.tr\/?page_id=1362\">Devam\u0131n\u0131 okuyun<span class=\"screen-reader-text\">E\u011fitim Bilgileri<\/span><\/a><\/div>\n","protected":false},"author":1,"featured_media":0,"parent":0,"menu_order":0,"comment_status":"closed","ping_status":"closed","template":"","meta":{"footnotes":""},"_links":{"self":[{"href":"https:\/\/faruksuleymanberber.com.tr\/index.php?rest_route=\/wp\/v2\/pages\/1362"}],"collection":[{"href":"https:\/\/faruksuleymanberber.com.tr\/index.php?rest_route=\/wp\/v2\/pages"}],"about":[{"href":"https:\/\/faruksuleymanberber.com.tr\/index.php?rest_route=\/wp\/v2\/types\/page"}],"author":[{"embeddable":true,"href":"https:\/\/faruksuleymanberber.com.tr\/index.php?rest_route=\/wp\/v2\/users\/1"}],"replies":[{"embeddable":true,"href":"https:\/\/faruksuleymanberber.com.tr\/index.php?rest_route=%2Fwp%2Fv2%2Fcomments&post=1362"}],"version-history":[{"count":46,"href":"https:\/\/faruksuleymanberber.com.tr\/index.php?rest_route=\/wp\/v2\/pages\/1362\/revisions"}],"predecessor-version":[{"id":1532,"href":"https:\/\/faruksuleymanberber.com.tr\/index.php?rest_route=\/wp\/v2\/pages\/1362\/revisions\/1532"}],"wp:attachment":[{"href":"https:\/\/faruksuleymanberber.com.tr\/index.php?rest_route=%2Fwp%2Fv2%2Fmedia&parent=1362"}],"curies":[{"name":"wp","href":"https:\/\/api.w.org\/{rel}","templated":true}]}}